ose 5*o + 5 = 0, -1951 - 3734 = -d*x - 3*o. What is the units digit of x?
2
Let v(w) = -w**3 - 4*w + 331. What is the hundreds digit of v(-19)?
2
Let h(d) = 3918*d + 1250. What is the units digit of h(8)?
4
Suppose -761*q + 763*q - 13530 = 0. What is the hundreds digit of q?
7
Suppose 14*h = 38*h - 0*h - 329208. What is the thousands digit of h?
3
Let k = -33 + 9. What is the hundreds digit of (((-8730)/k)/(-5))/(18/(-120))?
4
Let x = 908 + -1835. Let f = x + 1398. What is the tens digit of f?
7
Suppose 13*j - 2*j = 4719. Suppose -3*w + 600 = v, 4*w + 4*v = j + 371. What is the units digit of w?
0
What is the units digit of (-2)/(-47) - 280847000/(-13160)?
1
Let j = -39 + 367. Let a = j + -100. What is the hundreds digit of a?
2
Let t be ((-36)/9 + 558/4)*-2. Let j = t - -1244. What is the units digit of j?
3
Let u(v) = -2*v**2 + 6*v**2 - 7 - 5*v**2 + 21*v - 9. What is the tens digit of u(18)?
3
Let b(g) = 2*g**2 - 10*g - 1. Let k be b(7). Suppose 0 = 6*d + 3 - k. Suppose 435 = 5*a + 5*p, d*a - 5*p - 105 = 216. What is the tens digit of a?
8
What is the thousands digit of (159 - -6287) + 3*2/6?
6
Suppose 0 = 3*a - 5*g - 59692, g - 3 = -5. What is the tens digit of a?
9
Let b(j) = -16*j - 75. Let f be b(-13). Let d = -121 + f. What is the tens digit of d?
1
Let h(x) be the third derivative of -x**6/60 - x**5/20 - x**4/8 - x**3 - 16*x**2. Suppose 12*i = 13*i + 4. What is the units digit of h(i)?
6
Suppose -3*p = 2*w, p - 2*w + 10 = -6*w. Let d(i) = p + 242*i**2 - 8*i - 2*i - 233*i**2. What is the hundreds digit of d(-4)?
1
Suppose -21355 = 85*z - 87*z - 5*j, -z - 5*j = -10660. What is the units digit of z?
5
Let c(p) = p**3 - 2*p**2 + 5*p + 6. Let w(l) = -l**3 + l**2 - 6*l - 6. Let s(b) = 4*c(b) + 5*w(b). What is the hundreds digit of s(-8)?
3
Let o = -178 + 172. Let j(q) = 4*q**2 + 8*q + 10. What is the tens digit of j(o)?
0
What is the units digit of 12850306/435 - 3/(-45)?
1
Let h(u) be the third derivative of -u**4/12 - 10*u**3/3 - 4*u**2. Let v be h(25). What is the hundreds digit of -1*15*504/v?
1
What is the hundreds digit of 18/(-5)*120/(-18)*1652/16?
4
Suppose -26*l - 99*l = -2037000. What is the ten thousands digit of l?
1
Suppose 4*g - 102 = -94. Suppose -3*z + 1561 = -3*w - 1226, 0 = 4*z + g*w - 3704. What is the hundreds digit of z?
9
Let i be 39/(-7) + 72/(-168). What is the tens digit of ((-51)/i)/(-17) + 195/2?
9
Suppose f - 16 = -33. Let m(p) = -5*p + 33. Let k be m(f). Suppose b - h - k = 0, -4*h + 2*h = 2*b - 244. What is the units digit of b?
0
Let b be (4/(-3))/((-20)/45) + 4. Let f(y) = 2*y - 11. Let t be f(b). Suppose 2*s - 211 = -3*d, -t*s + 140 = 2*d - 2*s. What is the units digit of d?
9
Suppose 12*o - 36 = 6*o. What is the units digit of (174/36)/29 + 629/o?
5
Let v(r) = -75*r**2 + 3*r + 2. Let q be v(-1). Let i be (-742)/10 - (q/(-20) + -4). Let a = -32 - i. What is the tens digit of a?
4
Suppose -5*d = -29 + 4. Let r(n) = -2 + 14 - 21 + 13*n - 12. What is the tens digit of r(d)?
4
Let h(l) = -l**2 - 2*l + 408. Let d be 1*4 - (-12)/(-3). What is the units digit of h(d)?
8
Let a be -3 - -3 - (4 - 26). Let h = 1446 - 626. Suppose a*d - h = 18*d. What is the units digit of d?
5
Let s(d) = 48*d**2 + 4*d + 5 - 4*d - 1. Let y be s(-3). Suppose 5*q - y = -96. What is the tens digit of q?
6
Let i(n) = -n + 25. Let b be i(11). Let q = 16 - b. Suppose 5*z + 2*v - 5*v = 399, -q*z + 160 = -v. What is the tens digit of z?
8
Let g be 2/(-12) + 23/138. Let z(w) be the third derivative of w**4/12 + 15*w**3 - 2*w**2. What is the units digit of z(g)?
0
Let s = 59 + -131. Let a be s/15*(-5)/4*10. Suppose a*z = 55*z + 265. What is the tens digit of z?
5
Suppose 5*l - 2*y = 79638, l + 4*y - 20823 + 4913 = 0. What is the ten thousands digit of l?
1
Suppose -15 = -5*o + 2*o. Let l be (4/o)/((12/(-15))/(-4)). Suppose 0 = -l*z - z + 550. What is the hundreds digit of z?
1
Let u(j) = -j**3 + 5*j**2 - 3*j + 7. Let g be u(3). Let h(x) = -x + 6. Let m be h(g). What is the units digit of (-3 + m)*27/(-3)?
7
What is the thousands digit of 72772*(-12 + (792/32 - 12))?
4
Suppose -261012 = -4*x - 4*b, 2*x + 5*b - 122630 = 7894. What is the tens digit of x?
4
Let o(f) = 8*f + 74. Let y be o(-9). Suppose y*z - 4320 = -4*z. What is the units digit of z?
0
Suppose -587 - 2443 = -6*o + 104676. What is the thousands digit of o?
7
Let z = 17005 - 10180. What is the thousands digit of z?
6
Suppose -2*l + 64 = 3*l + 4*n, -l + 4*n + 8 = 0. Suppose -l = -8*i + 12*i. Let p(c) = 2*c**2 - 7*c - 9. What is the tens digit of p(i)?
3
Let c(h) = h**2 + 11*h - 20. Let z be c(-12). Let p be 4/(z/26)*-15. Suppose -4*i - i + 867 = -2*r, -p = -i - 5*r. What is the hundreds digit of i?
1
Suppose 5*s + 0*w - 55626 = 2*w, 0 = -2*w - 6. What is the ten thousands digit of s?
1
Let t be 88/374 + (-440)/136 - (0 + -148). Let n(l) = l - 3. Let q be n(4). What is the tens digit of t - (1 - (-4 + 4))*q?
4
Suppose 4*r + f - 16 = 0, -3*f + 4*f = 3*r - 5. Suppose 395 = r*t - 403. What is the tens digit of t?
6
Let x(n) = n - 1. Let a be x(3). Suppose 22 - 19 = -u - 2*q, -5*u + 2*q = -21. Suppose -3*g + 108 = u*z, -a*z + 2*g = -5*z + 105. What is the units digit of z?
3
Let n = 21843 + 28591. What is the units digit of n?
4
Let d(z) = 3*z**2 + 8*z + 72. Let l be d(-9). Let k = 351 - l. What is the hundreds digit of k?
1
Let v = -27 - -27. Suppose g + 3*g = v. Suppose g = -2*l - 6, 7*l - 2*l = -4*q + 853. What is the hundreds digit of q?
2
Suppose -21*d + 23*d - 10 = 0. Suppose d*z + 12 = 2*z. What is the tens digit of z + 0 - -6 - -57?
5
Let s = -11401 - -15020. What is the units digit of s?
9
Suppose -u + 53332 = 5*o, -31639 = -3*o - 4*u + 333. What is the units digit of o?
8
Suppose 0 = -3*j + 9, 135 = -3*s + 2*j + 3*j. Let d be -252*(2/(-4) + 10/s). Suppose d + 84 = 7*y. What is the tens digit of y?
3
Let o(p) = -p**3 - 6*p**2 + 9*p + 5. Let g be o(-7). Let d(m) be the second derivative of -5*m**3/6 + 9*m**2 + 873*m. What is the units digit of d(g)?
3
Let i(z) = -52*z + 262. Let a be i(3). What is the units digit of (a/4)/(14/(-336)*-12)?
3
What is the tens digit of (-40)/(-460) - (3 + 526052/(-46))?
3
Let i(k) = 4*k**2 - 8*k - 33. Let l be i(-4). Let s = 13 - 8. Suppose -o + 2*v + 93 = 0, s*v - l = 3*o - 338. What is the tens digit of o?
8
Suppose -226*p + 74*p + 140144 = 0. What is the tens digit of p?
2
Let z = 11946 + -7458. What is the units digit of z?
8
Let p(z) = 13*z**2 - 11 - 31*z + 10*z + 7*z + 13*z. What is the units digit of p(-6)?
3
Suppose -o + 3288 = r, 2*r + o = 7*r - 16404. What is the tens digit of r?
8
What is the tens digit of (-2 + -2)*(-12 - 321105/60)?
5
Let u be ((-2)/4)/((-2)/20). Suppose -48*v = -26*v + 13*v + 49*v. Suppose 7*p - 3*p - 2*n - 210 = v, u*p - 260 = 3*n. What is the tens digit of p?
5
Suppose -7*p - 58 = -226. Suppose -3*a = 9*a - p. Suppose -a*b + 217 = 3*w, -9*w - 2*b = -5*w - 290. What is the units digit of w?
3
Suppose 0 = -5*r + 25*r - 160. Let n be -29*2*(-1)/(-2). What is the units digit of n/2*(2 - r)?
7
Let i(r) be the third derivative of -r**5/60 - r**4/24 - 14*r**3 - 15*r**2. Let p be i(0). Let c = p + 134. What is the units digit of c?
0
Suppose 3*u = v + 7, 5*v - 5 = 3*u - 4. Suppose -u*b - 5*z - 53 = 0, 5*z = 2*b + 45 + 7. Let x = b - -41. What is the units digit of x?
0
Let a = 160 + -55. What is the units digit of 0 + (-7)/(-1)*a/15?
9
Let c = -51 + -9. Let k be 20/(-70) + c/(-14). What is the units digit of (-4)/1 + (79 - k)?
1
Let h = -198 + 201. Suppose 27*z = 5*r + 23*z - 4890, h*z = -r + 997. What is the units digit of r?
2
Suppose 1 - 7 + 16 = -10*q. Let p(n) = -6 - 41*n - 1 + 0. What is the tens digit of p(q)?
3
Suppose -w = -8 + 5. Let x be (w/24*-2)/(3/(-24)). Suppose 0 = -x*a - 6 - 0, -3*k + 225 = 2*a. What is the units digit of k?
7
Suppose -7234 = -3*x + 2*s, s = -2*x + 3*s + 4826. Let i = 3604 - x. What is the tens digit of i?
9
Let g = -1167 - -2813. What is the tens digit of g?
4
Let n = 747 - 707. What is the units digit of (-3)/1 + 16 + (n - 6)?
7
Let v(r) = 18*r - 12. Let n be v(2). What is the hundreds digit of (-5 + 497/4)/(9/n)?
3
Let t be -16*63/(-90)*(-5)/(-2). Suppose -t*l = -20*l - 592. What is the tens digit of l?
7
Suppose 0 = 2*d - 1123 - 1431. Suppose -4*l - s + d = 0, 0 = 7*l - 5*l + 2*s - 646. 